u). What is the tens digit of r(1)?
1
Let j(k) = -22*k + 3. Let t(n) = 1. Let z(a) = j(a) - 6*t(a). Suppose -1104*q - 22 = -1082*q. What is the tens digit of z(q)?
1
Let c = 36431 + -23211. What is the hundreds digit of c?
2
Suppose 6*q = 4*q + 2*a + 12, 5*q - 3*a = 26. Suppose 36 = q*y - 108. Suppose -y - 21 = -3*o. What is the tens digit of o?
1
Let i(t) = 239*t**2 + 44*t - 354. What is the units digit of i(7)?
5
Let w(d) = -16 + 22*d - 5 - 25*d + 2. Let u be w(-6). What is the units digit of u/((-252)/249 + 2 + -1)?
3
Let n = 573 - 312. Suppose -n = -4*k - 4*y + 267, -4*k + 4*y = -528. What is the tens digit of k?
3
What is the units digit of (0*15/(-30) - (-494)/(-6))*-75?
5
Let w(j) = j**2 + 6*j + 7. Let x = 1 - 7. Let y be w(x). Let p(b) = 2*b**2 - 9*b. What is the units digit of p(y)?
5
Let b(o) = 5*o**3 - 10*o**2 - 2*o + 11. Let a(m) = m**2 + 15*m + 55. Let d be a(-10). What is the tens digit of b(d)?
7
Let x be ((-2)/(-10) + 28/(-40))*12. Let r = -2 - x. What is the units digit of r + (-543)/(-6) + (-2)/4?
4
Let y(x) = 2*x**2 + 6*x - 4. Let t be y(-5). Let j(o) = -25 + 55*o - 36*o - t - 54*o. What is the units digit of j(-7)?
4
Let r = 231 - 79. Let j = r - 111. What is the tens digit of j?
4
Let d be (-3 + (-10)/(-4))*0. Suppose n = -1 - d, -5*b - n = -149. Suppose 4*y - b = 3*y. What is the units digit of y?
0
Suppose -5*o - x + 1723 = -0*x, 5*o - 2*x - 1729 = 0. Let g = 1002 + -994. Suppose 11*i = g*i + o. What is the tens digit of i?
1
Suppose 0 = 94*r + 14009 - 142883. What is the thousands digit of r?
1
Let d(g) = -445*g + 64. Let u be d(0). Let r be ((-152)/6)/(2/(-6)). Let a = r + u. What is the hundreds digit of a?
1
What is the units digit of -9 + 4229 - (-21)/6*-2?
3
Suppose 4*s - 2692 = -535*b + 532*b, -5*s + 2699 = 3*b. What is the tens digit of b?
8
Let q(s) = 241*s + 11. Let m(r) = r + 30. Let z be m(-27). What is the tens digit of q(z)?
3
Let f be (-20)/(-6)*(-234)/(-52). Let m(w) = -w**3 + 16*w**2 - 5*w - 44. What is the tens digit of m(f)?
0
What is the tens digit of ((-5)/(-10))/((-2)/(-253860))?
6
Suppose -37*l - 27*l = 127*l - 1133967. What is the tens digit of l?
3
Suppose -n = 3*n. Suppose n = 5*j - h - 2396, -3*j + 0*h - 5*h = -1432. What is the tens digit of j?
7
Let r(s) = 3*s**3 - 45*s**2 - 56*s + 46. What is the thousands digit of r(20)?
4
Let q(a) = a**3 - 16*a**2 - 19*a + 12. Let c be q(17). Let j = -19 - c. Suppose s + 29 - 96 = -j*h, -383 = -5*s - 3*h. What is the tens digit of s?
7
Let a(f) = f**2 - f - 42. Let v be a(7). Suppose -2*l = -t + 8, -t - 4 = 2*l - v. What is the units digit of t?
2
Let v be 1787/2 - (-36)/(-24). Let w = -498 + v. What is the tens digit of w?
9
Suppose -2*d + 11*t + 11696 = 15*t, -5*d + 29152 = -t. What is the units digit of d?
2
Let h(d) be the second derivative of -d**5/10 + d**2/2 + 56*d. What is the units digit of h(-1)?
3
Let q be -7 + 6 + (-45)/(-1). Let v be -1*(0 + 1) - -5. Suppose -11 = -n - 0*z - v*z, -z - q = -4*n. What is the units digit of n?
1
Let n = 354 + -531. Let k = n - -281. What is the tens digit of (-2 + k)/3*55/22?
8
Let z(a) = a**2 - a + 1. Let n(i) = -4*i**2 + 10*i + 1. Let h(y) = -n(y) - 2*z(y). What is the tens digit of h(7)?
3
Let t(s) = 2*s**2 + 281*s - 44 - 555*s + 278*s + 4*s**3. What is the tens digit of t(5)?
2
Let q = -9514 - -19365. What is the thousands digit of q?
9
Let l = -134 + -55. Let s = 896 + l. What is the hundreds digit of s?
7
Let x = -459 + 477. Suppose 3*f - 4*s = 8*f + 882, -f = -4*s + 186. What is the tens digit of (-3)/(12/f) - x/36?
4
Let q be (1 - -2)*(-26 + -1). Suppose 5*z = -4*t - 94, -4*t + 494*z - 498*z - 92 = 0. Let y = t - q. What is the units digit of y?
0
Suppose 21*n + 437 = 3419. Let o = n - 110. What is the tens digit of o?
3
Suppose -3 = -2*j - 5, -5*d + 117759 = -4*j. What is the ten thousands digit of d?
2
Let q = -73 - -123. Let b = 52 - q. Suppose -2*p - k - b = k, -2*k - 18 = -2*p. What is the units digit of p?
4
Let l(m) = m**3 + 15*m**2 - 7*m - 9. Suppose -a - 7 = 2*w + 19, -2*w - 3*a = 22. What is the units digit of l(w)?
5
Suppose -36*h + 32*h + 24 = 0. Let f be (-7)/(-3) - 2/h. Let a(t) = 53*t + 5. What is the tens digit of a(f)?
1
Suppose 8*k - 62 = 10. Suppose -2*z + 55 = k. What is the units digit of z?
3
Suppose 0 = -3*t - 2*c + 105765, -896*c = -4*t - 895*c + 141020. What is the ten thousands digit of t?
3
Let g be ((-400)/(-24))/((-948)/(-477) + -2). What is the hundreds digit of g/(-3) + 3/9?
4
Suppose r = -r + 36. Suppose -r*y = -17*y - 298. Suppose -4*l - 58 + y = 0. What is the tens digit of l?
6
Let r(a) = -184*a - 1379. What is the tens digit of r(-70)?
0
Suppose 6*z + 63 = -189. Let u = z + 36. What is the tens digit of u/(-15) - (-4 - 126/10)?
1
Suppose s - 2*s = -4*r + 19, -r - 11 = 5*s. Suppose 284 = -4*p - 4*u, -5*u - 3 = r*p + 279. Let d = -58 - p. What is the tens digit of d?
1
Suppose 32*n = -893 + 253. What is the units digit of (-216)/n - (-22)/110?
1
Suppose -3*j + 8 = -1, 4*j + 1558 = 2*a. Suppose 0 = -18*k + 2437 + a. What is the tens digit of k?
7
Suppose -72 = -9*d - 0*d. Suppose x + d*t - 6*t = 37, x + 4*t - 33 = 0. What is the units digit of x?
1
Let v = 615 + 863. Suppose -5*r + 592 + v = 0. Suppose 3*m - 2*g - 621 = 0, -5*m + r + 646 = 5*g. What is the units digit of m?
9
Let f be (431/3 - 0) + 8/(-12). Let d = f + -92. What is the tens digit of (2 - 0 - 5) + 7 + d?
5
Suppose 18 - 2 = y. Suppose 3 = p, 2*p = -2*j + 4*p + y. Suppose 214 = j*w - 9*w. What is the hundreds digit of w?
1
Let z be 6/16 + 65010/(-176). Let w = z - -776. What is the tens digit of w?
0
Let x(s) = 2530*s - 2439. What is the tens digit of x(4)?
8
Suppose 65*v - 2180863 = -53*v + 2897149. What is the hundreds digit of v?
0
Let b = 21 - 9. Suppose 0 = 21*p - 12448 + 2620. What is the units digit of (p/(-15))/(b/(-80))?
8
Suppose -3*p - 2*f = -134, -3*f = 2*p - 92 + 6. What is the hundreds digit of (-6)/57 - (-4325)/190*p?
0
Suppose 6503 = -5*k - 3*h, 0 = 5*k - 2*h + 3600 + 2898. Let s = -690 - k. What is the hundreds digit of s?
6
Let v = 5 + 0. What is the thousands digit of 19941/15 - 2/v?
1
Suppose -7*x - 180 = -x. Let t = x + 38. What is the hundreds digit of (218/t)/(4/16)?
1
Let h = -490 + 495. Suppose h*y - 902 = 258. What is the hundreds digit of y?
2
Suppose 0 = 2*c - 16 + 194. Let v = 65 - c. What is the units digit of v?
4
Let f = -22 - -28. Suppose -f*a = 3*a - 81. Let c = 73 + a. What is the tens digit of c?
8
Suppose -4*n = 4*m + 4, 2*n - n = -5*m - 17. Let b be 10344/36 + (-1)/n. Suppose 5*d - b = -y + 32, 5*d - 303 = 3*y. What is the units digit of d?
3
Let p be -1 + 0 + 3 - 101. Let s = p + 99. Suppose 0 = -s*q - 4*q + 668. What is the hundreds digit of q?
1
What is the units digit of 1 + 4518 + (18 - 5)?
2
Let c be -28*((-3)/10)/(108/(-2250)). What is the units digit of 4/(-5) + (-67690)/c?
6
Let s(w) = -w**3 - 5*w**2 + 2*w + 10. Let r be s(-5). Suppose 0 = -23*g + 22*g + 129. Suppose r = 2*j + g - 431. What is the units digit of j?
1
Let f = 258 + -473. What is the units digit of (-3 - (0 + 1*f)) + 4?
6
Suppose 0 = d + 2*m - 10776, 3*d + 5*m - 10884 = 21447. What is the tens digit of d?
8
Let k(x) = x**3 + 11*x**2 + 10*x + 2. Let j be k(-10). Suppose -2*l = 4*q - 14, -2*l + 12 = -j*q + 4. Suppose -3*s - l*s = -16. What is the units digit of s?
2
Let n(r) = 96*r**2 + 106*r + 118. What is the tens digit of n(8)?
1
Let p(t) = -t**2 - t + 2. Let r be p(-4). Let h(k) = 19*k**2 - 58*k + 59. Let j be h(1). What is the units digit of 4/j + (-298)/r?
0
Suppose -5*c - 159 = -4*k, 4*c = 2*k + c - 77. Let z = 56 - k. Suppose z*d - 16*d + 660 = 0. What is the tens digit of d?
1
Let q(r) = 4*r + 3. Suppose 4*g - 42 = -3*g. Let m be q(g). Suppose 2*n - 3*d + 5 = 0, 5*d - m = -2*n - 8. What is the units digit of n?
2
Suppose -v + 5*t = -4961, 4*v + 55*t = 59*t + 19924. What is the tens digit of v?
8
Let h be 4 + 4/8*(-5 - -5). Suppose -s = -h*s + 975. What is the hundreds digit of s?
3
Suppose 3*o = -2*a + 145, o = 7*a - 10*a + 235. Suppose 89*p = a*p + 4356. What is the tens digit of p?
8
Let f(d) = d**2 + d - 5. Let a be f(-3). Let h be (-1 - a) + -8*(-2)/8. Suppose h = 2*r + 4*r - 138. What is the units digit of r?
3
Let r = -2259 + 5303. What is the tens digit of r?
4
Let k = 533 + -107